{"id":80,"date":"2025-05-04T05:31:50","date_gmt":"2025-05-04T05:31:50","guid":{"rendered":"https:\/\/waporo.com\/?post_type=product&#038;p=80"},"modified":"2026-04-07T06:06:52","modified_gmt":"2026-04-07T06:06:52","slug":"merrymi-16k-sour-apple","status":"publish","type":"product","link":"https:\/\/waporo.com\/?product=merrymi-16k-sour-apple","title":{"rendered":"MerryMi 16K Sour Apple"},"content":{"rendered":"<p><strong>Ilo\u015b\u0107 buch\u00f3w: 16000<\/strong><\/p>\n<p><strong>Moc: 3%<\/strong><\/p>\n<p>&nbsp;<\/p>\n<p><strong>MerryMi M-Mecha 1600 <\/strong>to nowoczesny jednorazowy e-papieros, kt\u00f3ry oferuje wyj\u0105tkow\u0105 wydajno\u015b\u0107, komfort u\u017cytkowania i intensywny smak przez a\u017c 16000 pufek. Zaprojektowany z my\u015bl\u0105 o osobach poszukuj\u0105cych trwa\u0142ego i \u0142atwego w u\u017cyciu rozwi\u0105zania do wapowania, M-Mecha 16000 wyr\u00f3\u017cnia si\u0119 na tle innych urz\u0105dze\u0144 dost\u0119pnych na rynku dzi\u0119ki swojej du\u017cej pojemno\u015bci i innowacyjnej technologii.<\/p>\n","protected":false},"excerpt":{"rendered":"<p>Ilo\u015b\u0107 buch\u00f3w: 16000 Moc: 3% &nbsp; MerryMi M-Mecha 1600 to nowoczesny jednorazowy e-papieros, kt\u00f3ry oferuje wyj\u0105tkow\u0105 wydajno\u015b\u0107, komfort u\u017cytkowania i intensywny smak przez a\u017c 16000 pufek. Zaprojektowany z my\u015bl\u0105 o osobach poszukuj\u0105cych trwa\u0142ego i \u0142atwego w u\u017cyciu rozwi\u0105zania do wapowania, M-Mecha 16000 wyr\u00f3\u017cnia si\u0119 na tle innych urz\u0105dze\u0144 dost\u0119pnych na rynku dzi\u0119ki swojej du\u017cej pojemno\u015bci [&hellip;]<\/p>\n","protected":false},"featured_media":81,"template":"","meta":[],"product_brand":[],"product_cat":[28],"product_tag":[],"class_list":{"0":"post-80","1":"product","2":"type-product","3":"status-publish","4":"has-post-thumbnail","6":"product_cat-merrymi","8":"first","9":"instock","10":"sale","11":"shipping-taxable","12":"purchasable","13":"product-type-simple"},"_links":{"self":[{"href":"https:\/\/waporo.com\/index.php?rest_route=\/wp\/v2\/product\/80","targetHints":{"allow":["GET"]}}],"collection":[{"href":"https:\/\/waporo.com\/index.php?rest_route=\/wp\/v2\/product"}],"about":[{"href":"https:\/\/waporo.com\/index.php?rest_route=\/wp\/v2\/types\/product"}],"wp:featuredmedia":[{"embeddable":true,"href":"https:\/\/waporo.com\/index.php?rest_route=\/wp\/v2\/media\/81"}],"wp:attachment":[{"href":"https:\/\/waporo.com\/index.php?rest_route=%2Fwp%2Fv2%2Fmedia&parent=80"}],"wp:term":[{"taxonomy":"product_brand","embeddable":true,"href":"https:\/\/waporo.com\/index.php?rest_route=%2Fwp%2Fv2%2Fproduct_brand&post=80"},{"taxonomy":"product_cat","embeddable":true,"href":"https:\/\/waporo.com\/index.php?rest_route=%2Fwp%2Fv2%2Fproduct_cat&post=80"},{"taxonomy":"product_tag","embeddable":true,"href":"https:\/\/waporo.com\/index.php?rest_route=%2Fwp%2Fv2%2Fproduct_tag&post=80"}],"curies":[{"name":"wp","href":"https:\/\/api.w.org\/{rel}","templated":true}]}}